 10460, -3*u + 2112 = p. Calculate the remainder when p is divided by 14.
11
Let z(n) = n**3 - 11*n**2 + 6*n - 14. Let x be 348/18*3/2. Suppose -2*b = -3*w + x, 0*b - 19 = -2*w + b. What is the remainder when z(11) is divided by w?
7
Calculate the remainder when 155 is divided by (-20)/18 + (-5320)/(-90).
39
Let b = -5940 + 6072. What is the remainder when 495 is divided by b?
99
Suppose -4*i + 66 = -2*h, -8*i + 6*i + 58 = 4*h. Calculate the remainder when 573 is divided by i.
3
Let m(b) = -10*b - 3. Let o be m(6). Let x = o + 65. Suppose 0 = -0*d - 2*d - x*k + 44, -4*d + 84 = 5*k. What is the remainder when d is divided by 15?
11
Let t(l) = -4*l + 9. Let k be t(4). Let u = k + 7. What is the remainder when 69 is divided by 11 - u - (-14)/14?
9
Suppose -57*f + 95*f - 7220 = 0. Calculate the remainder when 379 is divided by f.
189
Let g(r) = -6*r + 35. Let d be (-56)/42*(-27)/(-6). What is the remainder when g(d) is divided by 19?
14
Let v(b) = -15 - b**3 + 6*b**2 - 3*b + 15. Let q(f) = -61*f + 200. Calculate the remainder when q(3) is divided by v(2).
7
Let k(l) = -l**2 + 5*l + 16. Let h be k(7). Suppose 53 = -h*s + 41. Calculate the remainder when (-1*2)/(s/(-732)*-4) is divided by 21.
19
Suppose -38*s + 382 = -36. Let j = -5 - -7. Calculate the remainder when s is divided by 5 + ((-2)/j)/(-1).
5
Let a = -14439 + 14500. Calculate the remainder when 179 is divided by a.
57
Suppose -21*d + 9 - 9 = 0. Suppose b + 126 = 3*u, 5*u + 3*b - 204 - 20 = d. What is the remainder when 384 is divided by u?
40
Let w = 13348 + -13173. Calculate the remainder when 220 is divided by w.
45
Calculate the remainder when 467 is divided by (11 + -9)*215/10.
37
Suppose -f - 3*t = -4*t + 13, -f - 23 = 4*t. Let j = -14 - f. Let u(o) = 3*o + 6. Calculate the remainder when u(0) is divided by j.
0
Let v(j) = 2*j**3 - 3*j**2 + 15*j - 25. Calculate the remainder when 93 is divided by v(3).
46
Let h(j) = -j**2 + 16*j - 43. Let p(m) = -m**2 - 25*m - 20. Let w be p(-24). Calculate the remainder when 57 is divided by h(w).
2
Suppose -6*f - 148 = -14*f + 28. What is the remainder when 17727 is divided by f?
17
Let s be 3 + (5/(-2)*2 - -1). Let z be 88/32 - s/4. Suppose -3*i + 28 = 3*w - 146, 5*i - z*w - 274 = 0. What is the remainder when i is divided by 30?
26
Calculate the remainder when 28/49 + -3872*(-216)/63 is divided by 16.
12
Calculate the remainder when (528/28)/((-25)/(-175)) is divided by 26.
2
Let j(s) = -2*s**3 - 7*s**2 - 2*s - 9. Let m(b) = -b - 17. Let d be m(-10). Calculate the remainder when j(d) is divided by 27.
24
Suppose -34*v = -36*v + 2*f + 920, -4*f = 36. Calculate the remainder when v is divided by 107.
23
Suppose 3*u + 3 = -0. Let r be (-1)/(u - (-45)/50). What is the remainder when ((-8)/r)/((-8)/260) is divided by 9?
8
Let r(g) = 14*g**2 + 19*g - 31. Let l be r(-13). Suppose 26*x + l = 38*x. Suppose 0 = 2*w + 4*w - x. Calculate the remainder when 86 is divided by w.
28
Let w = -2524 + 2552. What is the remainder when 1648 is divided by w?
24
Suppose 0*h - 34 = -h. What is the remainder when (-11 + 1430/20)*(-5 - (-35)/5) is divided by h?
19
What is the remainder when 2/22 + -2*29550/(-275) is divided by 55?
50
Let z(v) be the first derivative of 3*v**2/2 + 118*v - 189. What is the remainder when 78 is divided by z(-28)?
10
Calculate the remainder when ((-608)/20)/2*5/(-2) is divided by 122/18 + (-48)/(-216).
3
Suppose -21596 + 3266 = -141*y. Calculate the remainder when 17548 is divided by y.
128
Let j(l) = -49*l + 1060. Calculate the remainder when j(20) is divided by 80.
0
Suppose -97 = -4*t + 259. Suppose 4*x = 5*l + 420 - 135, x = -5*l + 65. Let u = t - x. Calculate the remainder when 169 is divided by u.
17
Let v(b) = -b**2 - 8*b + 11. Let r be v(-10). Suppose 0 = a + f + 273, -815 = 4*a + 3*f + 274. Calculate the remainder when 108 is divided by r/(a/12)*25.
8
What is the remainder when 1734 is divided by 1/13 + (2800/52)/2?
6
Let z(m) = 29*m - 1052. Calculate the remainder when 161 is divided by z(38).
11
Let y = 18912 - 17602. What is the remainder when y is divided by 4?
2
Let i(n) = -n**3 + 17*n**2 + 36*n + 12. Let z be i(20). Let h = -411 - z. Calculate the remainder when h is divided by 14.
1
Let k(j) = 13*j**2 + 25*j + 83. Suppose -5*n + 323 - 128 = 0. Calculate the remainder when k(-3) is divided by n.
8
Calculate the remainder when (-32)/64*538/(-1) is divided by 55.
49
Suppose 4843 = 5*q + 3*g, -526*q + 529*q + 2*g - 2904 = 0. Calculate the remainder when q is divided by 288.
110
Calculate the remainder when 2*(213 + -214)/((-615)/613 + 1) is divided by 204.
1
Suppose -10*c - 29 = 31. Let g be 9/c*16/(-12). Suppose -2*d - 3*x + 5 = -0*x, 10 = g*d + 2*x. What is the remainder when d is divided by 2?
0
Let r = 514 - 120. Calculate the remainder when 136 is divided by 22/(-88) - (r/8)/(-1).
38
Let b = 3581 - 3549. Calculate the remainder when 551 is divided by b.
7
Let n = 531 + -279. Suppose -15*u - n = -1032. What is the remainder when u is divided by 14?
10
Let g(s) = -13*s**3 + 2*s**2 - 3*s - 4. What is the remainder when g(-3) is divided by ((-63)/6)/((15/(-54))/(6 + 156/(-36)))?
59
Suppose -269 = -4*x + 15. Let q = x + -69. What is the remainder when 134 - q*(-3)/6 is divided by 23?
20
Let k(f) = -293*f - 1783. Calculate the remainder when k(-7) is divided by 56.
44
Suppose 0 = z + 5*z - 42. Suppose -2*u + 105 = 5*s, -z*s + 4*u = -3*s - 112. What is the remainder when s is divided by -6*(-12)/18 + 15?
4
Suppose -r = 2*t - 378, -t = 69*r - 73*r - 180. Calculate the remainder when t is divided by 98.
90
Let z(a) = -13*a - 219. Let w = -7 - -17. What is the remainder when (w/15)/((-2)/(-39)) is divided by z(-17)?
1
Let a = -2 + 4. Let c(v) = -v**3 - 41*v**2 + 222*v - 346. What is the remainder when ((-3)/(-4))/(a/168) is divided by c(-46)?
19
Suppose 5*o - 25 = 4*a + 128, -5*a = 2*o - 15. What is the remainder when 872 is divided by o?
22
Let a(d) = d + 7. Let r be a(-4). Suppose -5*z - 5*h = -70, -5*z = -r*h + 7 - 109. Suppose 69*u = 61*u + 1280. Calculate the remainder when u is divided by z.
16
Suppose -1512 = -3*i + 4*q, -3*i = 23*q - 20*q - 1533. Let r = 871 - i. What is the remainder when r is divided by 14?
13
Let g(o) = o**3 - 3*o**2 - 16*o - 4. Let b be g(-8). Let x = b - -594. Suppose 0 = 3*c - 15 - 0. What is the remainder when x is divided by c?
4
Let q(w) = 3*w**3 - w**2 - 8*w + 9. Let o(c) = -1 + 33*c + 4 + 3*c**2 - 37*c. What is the remainder when q(2) is divided by o(2)?
6
Suppose -4 = 30*f - 31*f. Suppose 4 + f = 2*y. Let c = 27 + y. What is the remainder when c is divided by 8?
7
Let m be 18*(18 - 14 - (-3)/(-2)). Let a = 102 + m. What is the remainder when a is divided by 37?
36
What is the remainder when ((-2831516)/822)/((-2)/3) is divided by 1722?
1
Let v be -2 + (5 - -41) - -2. Let o = v + 21. What is the remainder when o is divided by 7?
4
Let u(y) = -891*y - 1847. What is the remainder when u(-3) is divided by 270?
16
What is the remainder when -8 + ((-172)/1)/(-4) is divided by (-12)/(-10)*15/2?
8
Calculate the remainder when (-1)/(-2) + (9 - (-2807)/14) is divided by 108.
102
Suppose 0 = -5*c - 2*i + 479, -4*c + c + 288 = i. Calculate the remainder when 138 is divided by c.
41
Suppose -4*n = -2*n, -4*y + 5*n + 20 = 0. Suppose 8 = -y*k + 103. What is the remainder when 71 is divided by k?
14
Suppose 0 = t - 6*f - 227, -5*t = -86*f + 91*f - 820. What is the remainder when 581 is divided by t?
62
Let k(p) = -4*p**2 - 227*p - 526. Calculate the remainder when 2686 is divided by k(-53).
265
Calculate the remainder when 219 is divided by (-5)/((-110)/1001) - 5/10.
39
Let p = 2212 + -1471. Suppose -9*y - p = -28*y. What is the remainder when 71 is divided by y?
32
Let k be 15/5 + (-1 - 0). Suppose -3*q + k*a = 8 - 39, 4 = -2*a. Suppose -o + q + 2 = 0. Calculate the remainder when 34 is divided by o.
1
What is the remainder when 1249 is divided by (-178 - -173)*(-9)/5?
7
Let c be 0 + -1 + -2 - 10/(-5). Let r(i) = -13*i**3 - 2*i - 2. Let w be r(c). Calculate the remainder when 21 is divided by (w/3)/(8/24).
8
Suppose 10*k + 190 = -0*k. Suppose 43 = 2*l + 5. Let a = l - k. Calculate the remainder when a is divided by 20.
18
Suppose -5*n + 16*g = -6645 - 289, -2*g + 2 = 0. What is the remainder when 4174 is divi